{"id":1146,"date":"2023-11-20T20:51:14","date_gmt":"2023-11-20T20:51:14","guid":{"rendered":"http:\/\/www.cooperadoresdedios.org\/?page_id=1146"},"modified":"2023-11-20T20:51:15","modified_gmt":"2023-11-20T20:51:15","slug":"atencion-de-habitos-de-participacion-en-las-labores-del-hogar","status":"publish","type":"page","link":"https:\/\/www.cooperadoresdedios.org\/index.php\/vina-padres-y-madres\/domo-3-sobre-los-hijos\/atencion-de-habitos-de-participacion-en-las-labores-del-hogar\/","title":{"rendered":"VI\u00d1A PADRES Y MADRES \u2013 DOMO 3 \u2013 SOBRE LOS HIJOS &#8211; Atenci\u00f3n de h\u00e1bitos de participaci\u00f3n en las labores del hogar"},"content":{"rendered":"\n<div class=\"NavLinks\">\n              <ul>\n                  <li><a href=\"\/\">Inicio<\/a><\/li>\n                  <li><a href=\"\/index.php\/vina-padres-y-madres\/\">Vi\u00f1a Padres y Madres<\/a><\/li>\n                  <li><a href=\"\/index.php\/vina-padres-y-madres\/domo-3-sobre-los-hijos\/\">DOMO 3 &#8211; Sobre los hijos<\/a><\/li>\n                 <li>Atenci\u00f3n de h\u00e1bitos de participaci\u00f3n en las labores del hogar <\/li>\n              <\/ul>\n          <\/div>\n","protected":false},"excerpt":{"rendered":"<p>Inicio Vi\u00f1a Padres y Madres DOMO 3 &#8211; Sobre los hijos Atenci\u00f3n de h\u00e1bitos de participaci\u00f3n en las labores del hogar<\/p>\n","protected":false},"author":1,"featured_media":0,"parent":1121,"menu_order":2,"comment_status":"closed","ping_status":"closed","template":"","meta":{"footnotes":""},"class_list":["post-1146","page","type-page","status-publish","hentry"],"_links":{"self":[{"href":"https:\/\/www.cooperadoresdedios.org\/index.php\/wp-json\/wp\/v2\/pages\/1146","targetHints":{"allow":["GET"]}}],"collection":[{"href":"https:\/\/www.cooperadoresdedios.org\/index.php\/wp-json\/wp\/v2\/pages"}],"about":[{"href":"https:\/\/www.cooperadoresdedios.org\/index.php\/wp-json\/wp\/v2\/types\/page"}],"author":[{"embeddable":true,"href":"https:\/\/www.cooperadoresdedios.org\/index.php\/wp-json\/wp\/v2\/users\/1"}],"replies":[{"embeddable":true,"href":"https:\/\/www.cooperadoresdedios.org\/index.php\/wp-json\/wp\/v2\/comments?post=1146"}],"version-history":[{"count":1,"href":"https:\/\/www.cooperadoresdedios.org\/index.php\/wp-json\/wp\/v2\/pages\/1146\/revisions"}],"predecessor-version":[{"id":1153,"href":"https:\/\/www.cooperadoresdedios.org\/index.php\/wp-json\/wp\/v2\/pages\/1146\/revisions\/1153"}],"up":[{"embeddable":true,"href":"https:\/\/www.cooperadoresdedios.org\/index.php\/wp-json\/wp\/v2\/pages\/1121"}],"wp:attachment":[{"href":"https:\/\/www.cooperadoresdedios.org\/index.php\/wp-json\/wp\/v2\/media?parent=1146"}],"curies":[{"name":"wp","href":"https:\/\/api.w.org\/{rel}","templated":true}]}}